q = 629 + n. Suppose -4*w + q = w. Is w prime?
False
Suppose 155372 = 14*c - 103278. Suppose 4*u - 13233 = 3*t + 1547, -5*u + c = 4*t. Is u composite?
True
Let r = -6328 - -11099. Is r composite?
True
Let g(x) = x**3 + 8*x**2 + 7*x + 2. Let j be g(-7). Suppose -3*s - s = j*a - 1014, 5*a = -s + 249. Is s a composite number?
True
Is ((-19)/4)/(6/(-5352)) a prime number?
False
Suppose 5*u - h = 11870, 4*h - 2*h - 11855 = -5*u. Suppose -v - 2*v + u = 3*i, 4 = 2*i. Is v composite?
True
Let a be 40/(-2)*(-4)/16. Suppose 2*b + a*b - 1001 = 0. Is b a prime number?
False
Let u = 59 - 59. Suppose -17899 = -u*k - 7*k. Is k a composite number?
False
Let h = -1142 - -2989. Is h a prime number?
True
Suppose -11 = -4*u + 9. Let i(j) = -7 - 9*j - j**3 - u*j**2 - 5*j**2 + 5 + 1. Is i(-10) composite?
False
Let u = -729 + 5486. Is u composite?
True
Suppose -82*h = -112*h + 1440510. Is h a composite number?
False
Is -7403*(-10)/(-20)*-2 prime?
False
Suppose -6*i = -i + 15. Let f be (42/(-3) - 1)*(9 - -2). Is (f/i - 1) + 1 a composite number?
True
Let v(p) = -p**3 + 3*p**2 + 21*p - 15. Let s be v(6). Suppose -x - s*x = 2*t - 150, 3*x - 231 = -3*t. Is t composite?
False
Suppose b + 0 - 1 = -g, 0 = -3*g - 2*b + 4. Suppose -m + i + 9 = 0, g*i - 3*i - 20 = -2*m. Suppose -2*s + 9 + m = 0. Is s composite?
True
Let l be 1 + -2 - -5 - (-32 + 71). Is 4 + 160/l + 17925/21 a composite number?
False
Let z(q) = q**2 + 7*q + 303. Is z(19) prime?
True
Let u(f) = -f**3 - 14*f**2 + 3*f - 15. Let r(v) = v**3 + 14*v**2 - 2*v + 15. Let k(b) = 3*r(b) + 2*u(b). Is k(-12) a prime number?
False
Let w = 596 + 801. Is w composite?
True
Suppose -j - 29 = -4*r, -4*j + 3 = 3*r - j. Suppose 0 = -r*n + n - 210. Let d = n + 61. Is d prime?
True
Let n be 1 - (-2 - 2*-2). Let u be n - (-25*3 - -2). Suppose 3*v - 67 = -4*q, u = 3*q + v - 6*v. Is q a composite number?
False
Let y(w) = 900*w + 141. Is y(15) a prime number?
False
Suppose 0 = -4*l + 12, -6*x + 2*x = -3*l - 23. Suppose 3*j - x = 7, 4*j + 362 = 2*s. Is s prime?
True
Let m = 52 + -46. Is (m/(-9) - 970/(-6)) + -3 a prime number?
False
Let d be 4*(5 - 4) - 4. Suppose d*i + 441 = 2*i - 5*m, -5*i + 1137 = -m. Suppose t + 114 - 1020 = -4*g, -g = t - i. Is g a composite number?
True
Suppose 5*a - 5*y - 4429 - 131 = 0, -5*a + 4530 = y. Is a prime?
True
Let a(h) = -h**3 + 17*h**2 - 26*h - 13. Is a(15) a composite number?
False
Is 74468/8*12/(-18)*-3 a prime number?
True
Let s(w) = 66*w**2 - 1. Suppose -4*u + 1 = -3. Suppose u + 0 = o. Is s(o) a composite number?
True
Let j = -14055 + 27668. Is j prime?
True
Let y(r) = r**3 + 47*r**2 - 7*r - 115. Is y(-33) a composite number?
True
Suppose 5*p - 12*z = -17*z + 31960, -3*z - 25547 = -4*p. Is p a prime number?
True
Let k(y) = 5*y**2 + y - 2. Let t be k(1). Suppose 0 = t*c - u + 2*u - 6627, 0 = -5*u - 5. Is c prime?
True
Suppose 2*c - j + 320 = 0, 4*c + 2*j + 646 = 7*j. Is (-3)/(1 - (-162)/c) composite?
True
Let l = -15 - -19. Let p(n) = 5*n**2 - l*n**2 - n**3 + 3 + 4*n - 8. Is p(-4) a prime number?
True
Suppose 3*d = 4*d - 3*d. Suppose -5*s = -4*s - 2*m - 541, d = -s - 2*m + 541. Is s composite?
False
Let s(z) = -2*z + 351. Is s(50) composite?
False
Let r(t) = -t**2 - 11*t - 13. Let w be r(-9). Suppose 2*u = w*u - 522. Let j = -51 + u. Is j composite?
True
Let j be 21/(-21)*789*-1. Is (6 - 2) + j/3 prime?
False
Let x(a) = a**2 - 7*a + 3. Let b be x(7). Suppose 0*f + 1547 = 5*z - b*f, 2*z - 594 = -5*f. Is z a composite number?
False
Let p(h) = 11*h - 45. Let d(w) = 16*w - 68. Let z(s) = -5*d(s) + 7*p(s). Let v be z(10). Is (v - -5) + 917/1 composite?
True
Let h = -4 + 8. Is -37*2/((-8)/h) a composite number?
False
Let m = 12 - 8. Suppose m*w - 380 = 8*w. Let h = 192 + w. Is h a prime number?
True
Suppose -4*f + 5 = -5*f + 2*r, 0 = -2*r + 10. Suppose 2*k = 6*k - 2*y - 5040, 6287 = f*k + 4*y. Is k a prime number?
True
Let j = -50 - -38. Let f(s) = -43*s - 19. Is f(j) a composite number?
True
Let q(b) = -19 - 48*b + 22*b + 6*b**2 + 6*b**2 + 19*b. Is q(-4) prime?
False
Let n be (88 + 1)*-3*-1. Let j be (-2236)/18 + (-18)/(-81). Let q = n + j. Is q a prime number?
False
Let d be -2 + (1 - -3) + 2. Suppose -3*y - j = -d*y + 48, -5*y = j - 234. Is y composite?
False
Suppose -5*r + 4*c = 8*c - 20, 3*c - 15 = r. Suppose 0 = -5*t - 0*t, 5*x = -3*t + 250. Suppose 4*b - s - 374 = r, -5*s = -b + x + 53. Is b prime?
False
Let q(c) = -c**2 + 4*c + 14. Let f be q(6). Suppose 5*k = h - 656, 0*k + f*k = h - 641. Is h a prime number?
True
Is (0 - (1 - 2))/(81/766341) a prime number?
True
Let v = 966 + -659. Is v a composite number?
False
Let j(v) = -1344*v + 1. Let i(b) = -2*b - 15. Let q be i(-7). Let z be j(q). Suppose 0*h + z = 5*h. Is h a composite number?
False
Suppose 0*o = 4*o - 4, -107 = 3*i + o. Let b = i - -43. Is 2284/b + (-2)/7 composite?
True
Suppose 2*x + c - 2523 = 1118, 3*c - 9 = 0. Is x a composite number?
True
Let u be -2 + -4*(2 - 3). Let n(o) = -10*o**3 - 5*o**2 - 6*o - 5. Let f(l) = -10*l**3 - 4*l**2 - 5*l - 4. Let r(q) = -4*f(q) + 3*n(q). Is r(u) prime?
True
Suppose 5*v = 3*o - 1257, -5*v + 118 = -2*o + 956. Suppose o = -4*y + 5*y. Is y prime?
True
Suppose 24*p - 203103 = -10455. Is p a composite number?
True
Let b(o) = 3*o**3 + 9*o**2 + 2*o - 2. Let g(h) = -2*h**3 - 8*h**2 - h + 1. Let u(j) = 3*b(j) + 4*g(j). Let q be u(4). Is (-5)/(q/44) - -1 a composite number?
False
Suppose 3*h + 7*s = 3*s + 20629, -s = h - 6878. Is h a composite number?
False
Suppose -21924 = 7*y + 5*y. Is (-2)/(-3)*y/(-6) a composite number?
True
Let d = 566 - -188. Suppose 0 = -3*o + d + 248. Is o a prime number?
False
Is ((-2)/6)/(-5*(-15)/(-6239475)) composite?
True
Let i(m) = -50*m + 57. Is i(-5) a composite number?
False
Let n(h) = 61*h**2 - 22*h + 74. Is n(7) composite?
False
Let j = 27 - 42. Let x = j - -54. Is x composite?
True
Let j = -10812 - -21367. Is j a prime number?
False
Is 11*2/22 - -40896 prime?
True
Suppose 7 - 25 = -6*y. Suppose y*z = -12, 5*z = -2*h + 3796 + 3910. Is h a composite number?
False
Let w(j) = 1. Let h(l) = 2. Let y(g) = 2*h(g) - 5*w(g). Let k(f) = 22*f - 11. Let t(p) = -k(p) + 4*y(p). Is t(-13) prime?
True
Let d be ((-1)/2)/((-4)/(-6024)). Let a = 1660 + d. Is a prime?
True
Let a = 3936 + -5576. Let u = -637 - a. Is u prime?
False
Let f(n) = 230*n**3 - 3*n + 1. Let u be f(2). Suppose -5*c + u = -5*x, c + 5*x - 1468 = -3*c. Suppose 1731 = 4*v + o + 221, c = v - 5*o. Is v composite?
True
Suppose 0 = 97*p - 96*p - 5639. Is p prime?
True
Suppose -2*o = 3 - 7. Let s = o - 2. Suppose -5*l + 4*l - a + 89 = s, 4*l - 354 = -3*a. Is l a composite number?
True
Suppose q = -d + 6*q - 1124, -d - 1124 = -2*q. Let b = d + 1649. Let f = -178 + b. Is f prime?
True
Let g(u) = -u**2 + 7*u + 12. Let x be g(8). Suppose 5*o - 3*a = -x*a + 1907, -2*o + 772 = 5*a. Is o a prime number?
False
Let r(g) = -16015*g**3 - g**2 - 2*g - 1. Is r(-1) a composite number?
True
Is (((-63)/(-45))/(-7))/(3/(-191715)) a composite number?
False
Suppose 2*z - 2398 = -0*z + 3*f, 4*f = 4*z - 4804. Let b = z - 830. Suppose j - 368 = b. Is j a prime number?
True
Let f(s) = s**3 + 20*s**2 - s - 9. Let q be f(-12). Let l = q - 622. Is l a prime number?
False
Let n(k) = 34*k**2 + 3*k - 9. Is n(14) prime?
False
Let w = -2 + -2. Let h(t) = t**2 + 2*t - 3. Let g be h(w). Suppose -90 = -g*f - 3*o, 0 = -4*f + 3*o + 33 + 12. Is f a prime number?
False
Let p = -34 + 31. Is p*(-2)/(-27) - (-8759)/9 a prime number?
False
Let l(s) = -s**3 + 13*s**2 + 13. Let m be l(15). Let u = m - -1114. Is u prime?
True
Is (3078312/(-216) + (-8)/(-18))*-1 prime?
True
Suppose 0 = x - 3*r - 1454, 0*x = x + 4*r - 1468. Let z = x + -1013. Is z a prime number?
False
Let u(v) = -v**3 + 7*v**2 + 5*v. Let n be u(6). Let k = n + -40. Suppose 2*y + 4*g - k = 2*g, 0 = y + 4*g - 22. Is y composite?
True
Suppose 11*u - 2154 = -53. Is u composite?
False
Suppose -5*y + 353 = -352. Let f(x) = x**3 - 4*x**2 - 8*x - 8. Let p be f(7). Let c = y - p. Is c a prime number?
False
Let j(q) = -q - 8. Let u be j(-14). Suppose -u*w = -64 + 340. Let n = 173 - w. Is n prime?
False
Let h = 8 + -18. Let q = h + 10. Suppose -5*l = 4*v - 1465, -3*v = l - q*v - 304. Is l composite?
True
Suppose 5*s = 3*x + 4, s - 4*x + 18 = 6*s. Suppose 4*w = 4*k - s*k + 4006, 1009 = w + 2*k. Is w a prime numbe